{"id":73,"date":"2016-02-22T22:49:04","date_gmt":"2016-02-22T21:49:04","guid":{"rendered":"http:\/\/alainreboux.com\/?page_id=73"},"modified":"2018-01-04T21:19:10","modified_gmt":"2018-01-04T20:19:10","slug":"a-propos-dalain-reboux","status":"publish","type":"page","link":"https:\/\/alainreboux.com\/index.php\/a-propos-dalain-reboux\/","title":{"rendered":"A propos"},"content":{"rendered":"<p>N\u00e9 en 1949, breton d\u2019origine, il vit ses trente premi\u00e8res ann\u00e9es \u00e0 Paris. De brillantes \u00e9tudes scientifiques font de lui un ing\u00e9nieur dans le domaine spatial, o\u00f9 il devient responsable technique des satellites m\u00e9t\u00e9o europ\u00e9ens.<\/p>\n<p>Tr\u00e8s jeune, il se passionne pour le dessin et la peinture. D\u00e8s l\u2019\u00e2ge de quinze ans, il effectue de nombreuses copies de Picasso, Braque, Monet et Sisley entre autres.<\/p>\n<p>En 1981, il s\u2019installe \u00e0 Fayence avec son \u00e9pouse Dany, elle m\u00eame peintre sur verre.<\/p>\n<p>En 1991, il rencontre \u00e0 Pont-Aven le peintre Peter Deluca qui le guide dans sa qu\u00eate orient\u00e9e vers la couleur et la lumi\u00e8re.<\/p>\n<p>Sa facette scientifique se traduit par l\u2019importance attach\u00e9e \u00e0 l&rsquo;exploitation des ressources de la technique de l&rsquo;huile (glacis en particulier) ainsi qu&rsquo;\u00e0 la structure du dessin.<\/p>\n<p>Ses sujets de pr\u00e9dilection sont la Provence environnante et par extension les paysages m\u00e9diterran\u00e9ens baign\u00e9s d\u2019une puissante lumi\u00e8re.<\/p>\n","protected":false},"excerpt":{"rendered":"<p>N\u00e9 en 1949, breton d\u2019origine, il vit ses trente premi\u00e8res ann\u00e9es \u00e0 Paris. De brillantes \u00e9tudes scientifiques font de lui un ing\u00e9nieur dans le domaine spatial, o\u00f9 il devient responsable technique des satellites m\u00e9t\u00e9o europ\u00e9ens. Tr\u00e8s jeune, il se passionne pour le dessin et la peinture. D\u00e8s l\u2019\u00e2ge de quinze &#8230;<\/p>\n","protected":false},"author":1,"featured_media":0,"parent":0,"menu_order":0,"comment_status":"closed","ping_status":"closed","template":"","meta":{"footnotes":""},"class_list":["post-73","page","type-page","status-publish","hentry","column","threecol"],"_links":{"self":[{"href":"https:\/\/alainreboux.com\/index.php\/wp-json\/wp\/v2\/pages\/73","targetHints":{"allow":["GET"]}}],"collection":[{"href":"https:\/\/alainreboux.com\/index.php\/wp-json\/wp\/v2\/pages"}],"about":[{"href":"https:\/\/alainreboux.com\/index.php\/wp-json\/wp\/v2\/types\/page"}],"author":[{"embeddable":true,"href":"https:\/\/alainreboux.com\/index.php\/wp-json\/wp\/v2\/users\/1"}],"replies":[{"embeddable":true,"href":"https:\/\/alainreboux.com\/index.php\/wp-json\/wp\/v2\/comments?post=73"}],"version-history":[{"count":4,"href":"https:\/\/alainreboux.com\/index.php\/wp-json\/wp\/v2\/pages\/73\/revisions"}],"predecessor-version":[{"id":187,"href":"https:\/\/alainreboux.com\/index.php\/wp-json\/wp\/v2\/pages\/73\/revisions\/187"}],"wp:attachment":[{"href":"https:\/\/alainreboux.com\/index.php\/wp-json\/wp\/v2\/media?parent=73"}],"curies":[{"name":"wp","href":"https:\/\/api.w.org\/{rel}","templated":true}]}}